{"id":18,"date":"2023-06-06T11:00:13","date_gmt":"2023-06-06T11:00:13","guid":{"rendered":"https:\/\/dummy.xtemos.com\/woodmart2\/furniture2\/?page_id=18"},"modified":"2025-01-14T14:03:15","modified_gmt":"2025-01-14T14:03:15","slug":"about-us","status":"publish","type":"page","link":"https:\/\/suvanohome.com\/index.php\/about-us\/","title":{"rendered":"Hakk\u0131m\u0131zda"},"content":{"rendered":"<div class=\"wpb-content-wrapper\"><p>[vc_row content_placement=&#8221;middle&#8221; woodmart_css_id=&#8221;64775cf93784f&#8221; responsive_spacing=&#8221;eyJwYXJhbV90eXBlIjoid29vZG1hcnRfcmVzcG9uc2l2ZV9zcGFjaW5nIiwic2VsZWN0b3JfaWQiOiI2NDc3NWNmOTM3ODRmIiwic2hvcnRjb2RlIjoidmNfcm93IiwiZGF0YSI6eyJ0YWJsZXQiOnsibWFyZ2luLWJvdHRvbSI6IjYwIn0sIm1vYmlsZSI6eyJtYXJnaW4tYm90dG9tIjoiNDAifX19&#8243; mobile_bg_img_hidden=&#8221;no&#8221; tablet_bg_img_hidden=&#8221;no&#8221; woodmart_parallax=&#8221;0&#8243; woodmart_gradient_switch=&#8221;no&#8221; woodmart_box_shadow=&#8221;no&#8221; wd_z_index=&#8221;no&#8221; woodmart_disable_overflow=&#8221;0&#8243; row_reverse_mobile=&#8221;1&#8243; row_reverse_tablet=&#8221;1&#8243; css=&#8221;.vc_custom_1685544197253{margin-bottom: 80px !important;}&#8221;][vc_column woodmart_css_id=&#8221;6786699dab57b&#8221; parallax_scroll=&#8221;no&#8221; woodmart_sticky_column=&#8221;false&#8221; wd_collapsible_content_switcher=&#8221;no&#8221; wd_column_role_offcanvas_desktop=&#8221;no&#8221; wd_column_role_offcanvas_tablet=&#8221;no&#8221; wd_column_role_offcanvas_mobile=&#8221;no&#8221; wd_column_role_content_desktop=&#8221;no&#8221; wd_column_role_content_tablet=&#8221;no&#8221; wd_column_role_content_mobile=&#8221;no&#8221; mobile_bg_img_hidden=&#8221;no&#8221; tablet_bg_img_hidden=&#8221;no&#8221; woodmart_parallax=&#8221;0&#8243; woodmart_box_shadow=&#8221;no&#8221; responsive_spacing=&#8221;eyJwYXJhbV90eXBlIjoid29vZG1hcnRfcmVzcG9uc2l2ZV9zcGFjaW5nIiwic2VsZWN0b3JfaWQiOiI2Nzg2Njk5ZGFiNTdiIiwic2hvcnRjb2RlIjoidmNfY29sdW1uIiwiZGF0YSI6eyJ0YWJsZXQiOnt9LCJtb2JpbGUiOnt9fX0=&#8221; mobile_reset_margin=&#8221;no&#8221; tablet_reset_margin=&#8221;no&#8221; wd_z_index=&#8221;no&#8221; offset=&#8221;vc_col-lg-7 vc_col-md-6&#8243;]\t\t<div id=\"gallery_451\" class=\"wd-images-gallery wd-wpb wd-rs-67866928ba9a1 vc_custom_1736862019466 photoswipe-images\" style=\"--wd-justify-content:center;--wd-align-items:center;\">\n\t\t\t\n\t\t\t<div class=\" wd-grid-g\" style=\"--wd-col-lg:2;--wd-col-md:2;--wd-col-sm:2;--wd-gap-lg:20px;--wd-gap-sm:10px;\">\n\t\t\t\t\n\t\t\t\t\t\t\t\t\t\t\t\t\t\t\t<div class=\"wd-gallery-item wd-col\">\n\t\t\t\t\t\t\t\t\t\t\t\t\t\t<a href=\"https:\/\/suvanohome.com\/wp-content\/uploads\/2025\/01\/tv_unitesi-scaled.jpg\" data-elementor-open-lightbox=\"no\" data-index=\"1\" data-width=\"2560\" data-height=\"2560\" \n\t\t\t\t\t\t\t\t\t\t\t\t >\n\t\t\t\t\t\t\t\t\n\t\t\t\t\t\t\t\t<img loading=\"lazy\" decoding=\"async\" width=\"2560\" height=\"2560\" src=\"https:\/\/suvanohome.com\/wp-content\/uploads\/2025\/01\/tv_unitesi-scaled.jpg\" class=\"wd-gallery-image image-1\" alt=\"\" srcset=\"https:\/\/suvanohome.com\/wp-content\/uploads\/2025\/01\/tv_unitesi-scaled.jpg 2560w, https:\/\/suvanohome.com\/wp-content\/uploads\/2025\/01\/tv_unitesi-scaled-600x600.jpg 600w, https:\/\/suvanohome.com\/wp-content\/uploads\/2025\/01\/tv_unitesi-150x150.jpg 150w, https:\/\/suvanohome.com\/wp-content\/uploads\/2025\/01\/tv_unitesi-scaled-1200x1200.jpg 1200w, https:\/\/suvanohome.com\/wp-content\/uploads\/2025\/01\/tv_unitesi-300x300.jpg 300w, https:\/\/suvanohome.com\/wp-content\/uploads\/2025\/01\/tv_unitesi-1024x1024.jpg 1024w, https:\/\/suvanohome.com\/wp-content\/uploads\/2025\/01\/tv_unitesi-768x768.jpg 768w, https:\/\/suvanohome.com\/wp-content\/uploads\/2025\/01\/tv_unitesi-1536x1536.jpg 1536w, https:\/\/suvanohome.com\/wp-content\/uploads\/2025\/01\/tv_unitesi-2048x2048.jpg 2048w\" sizes=\"auto, (max-width: 2560px) 100vw, 2560px\" \/>\n\t\t\t\t\t\t\t\t\t\t\t\t\t\t\t<\/a>\n\t\t\t\t\t\t\t\t\t\t\t\t<\/div>\n\t\t\t\t\t\t\t\t\t\t\t<div class=\"wd-gallery-item wd-col\">\n\t\t\t\t\t\t\t\t\t\t\t\t\t\t<a href=\"https:\/\/suvanohome.com\/wp-content\/uploads\/2025\/01\/Orta_sehpa-scaled.jpg\" data-elementor-open-lightbox=\"no\" data-index=\"2\" data-width=\"2560\" data-height=\"2560\" \n\t\t\t\t\t\t\t\t\t\t\t\t >\n\t\t\t\t\t\t\t\t\n\t\t\t\t\t\t\t\t<img loading=\"lazy\" decoding=\"async\" width=\"2560\" height=\"2560\" src=\"https:\/\/suvanohome.com\/wp-content\/uploads\/2025\/01\/Orta_sehpa-scaled.jpg\" class=\"wd-gallery-image image-2\" alt=\"\" srcset=\"https:\/\/suvanohome.com\/wp-content\/uploads\/2025\/01\/Orta_sehpa-scaled.jpg 2560w, https:\/\/suvanohome.com\/wp-content\/uploads\/2025\/01\/Orta_sehpa-scaled-600x600.jpg 600w, https:\/\/suvanohome.com\/wp-content\/uploads\/2025\/01\/Orta_sehpa-150x150.jpg 150w, https:\/\/suvanohome.com\/wp-content\/uploads\/2025\/01\/Orta_sehpa-scaled-1200x1200.jpg 1200w, https:\/\/suvanohome.com\/wp-content\/uploads\/2025\/01\/Orta_sehpa-300x300.jpg 300w, https:\/\/suvanohome.com\/wp-content\/uploads\/2025\/01\/Orta_sehpa-1024x1024.jpg 1024w, https:\/\/suvanohome.com\/wp-content\/uploads\/2025\/01\/Orta_sehpa-768x768.jpg 768w, https:\/\/suvanohome.com\/wp-content\/uploads\/2025\/01\/Orta_sehpa-1536x1536.jpg 1536w, https:\/\/suvanohome.com\/wp-content\/uploads\/2025\/01\/Orta_sehpa-2048x2048.jpg 2048w\" sizes=\"auto, (max-width: 2560px) 100vw, 2560px\" \/>\n\t\t\t\t\t\t\t\t\t\t\t\t\t\t\t<\/a>\n\t\t\t\t\t\t\t\t\t\t\t\t<\/div>\n\t\t\t\t\t\t\t\t\t\t\t<div class=\"wd-gallery-item wd-col\">\n\t\t\t\t\t\t\t\t\t\t\t\t\t\t<a href=\"https:\/\/suvanohome.com\/wp-content\/uploads\/2025\/01\/Konsol-scaled.jpg\" data-elementor-open-lightbox=\"no\" data-index=\"3\" data-width=\"2560\" data-height=\"2560\" \n\t\t\t\t\t\t\t\t\t\t\t\t >\n\t\t\t\t\t\t\t\t\n\t\t\t\t\t\t\t\t<img loading=\"lazy\" decoding=\"async\" width=\"2560\" height=\"2560\" src=\"https:\/\/suvanohome.com\/wp-content\/uploads\/2025\/01\/Konsol-scaled.jpg\" class=\"wd-gallery-image image-3\" alt=\"\" srcset=\"https:\/\/suvanohome.com\/wp-content\/uploads\/2025\/01\/Konsol-scaled.jpg 2560w, https:\/\/suvanohome.com\/wp-content\/uploads\/2025\/01\/Konsol-scaled-600x600.jpg 600w, https:\/\/suvanohome.com\/wp-content\/uploads\/2025\/01\/Konsol-150x150.jpg 150w, https:\/\/suvanohome.com\/wp-content\/uploads\/2025\/01\/Konsol-scaled-1200x1200.jpg 1200w, https:\/\/suvanohome.com\/wp-content\/uploads\/2025\/01\/Konsol-300x300.jpg 300w, https:\/\/suvanohome.com\/wp-content\/uploads\/2025\/01\/Konsol-1024x1024.jpg 1024w, https:\/\/suvanohome.com\/wp-content\/uploads\/2025\/01\/Konsol-768x768.jpg 768w, https:\/\/suvanohome.com\/wp-content\/uploads\/2025\/01\/Konsol-1536x1536.jpg 1536w, https:\/\/suvanohome.com\/wp-content\/uploads\/2025\/01\/Konsol-2048x2048.jpg 2048w\" sizes=\"auto, (max-width: 2560px) 100vw, 2560px\" \/>\n\t\t\t\t\t\t\t\t\t\t\t\t\t\t\t<\/a>\n\t\t\t\t\t\t\t\t\t\t\t\t<\/div>\n\t\t\t\t\t\t\t\t\t\t\t<div class=\"wd-gallery-item wd-col\">\n\t\t\t\t\t\t\t\t\t\t\t\t\t\t<a href=\"https:\/\/suvanohome.com\/wp-content\/uploads\/2025\/01\/Bufe-scaled.jpg\" data-elementor-open-lightbox=\"no\" data-index=\"4\" data-width=\"2560\" data-height=\"2560\" \n\t\t\t\t\t\t\t\t\t\t\t\t >\n\t\t\t\t\t\t\t\t\n\t\t\t\t\t\t\t\t<img loading=\"lazy\" decoding=\"async\" width=\"2560\" height=\"2560\" src=\"https:\/\/suvanohome.com\/wp-content\/uploads\/2025\/01\/Bufe-scaled.jpg\" class=\"wd-gallery-image image-4\" alt=\"\" srcset=\"https:\/\/suvanohome.com\/wp-content\/uploads\/2025\/01\/Bufe-scaled.jpg 2560w, https:\/\/suvanohome.com\/wp-content\/uploads\/2025\/01\/Bufe-scaled-600x600.jpg 600w, https:\/\/suvanohome.com\/wp-content\/uploads\/2025\/01\/Bufe-150x150.jpg 150w, https:\/\/suvanohome.com\/wp-content\/uploads\/2025\/01\/Bufe-scaled-1200x1200.jpg 1200w, https:\/\/suvanohome.com\/wp-content\/uploads\/2025\/01\/Bufe-300x300.jpg 300w, https:\/\/suvanohome.com\/wp-content\/uploads\/2025\/01\/Bufe-1024x1024.jpg 1024w, https:\/\/suvanohome.com\/wp-content\/uploads\/2025\/01\/Bufe-768x768.jpg 768w, https:\/\/suvanohome.com\/wp-content\/uploads\/2025\/01\/Bufe-1536x1536.jpg 1536w, https:\/\/suvanohome.com\/wp-content\/uploads\/2025\/01\/Bufe-2048x2048.jpg 2048w\" sizes=\"auto, (max-width: 2560px) 100vw, 2560px\" \/>\n\t\t\t\t\t\t\t\t\t\t\t\t\t\t\t<\/a>\n\t\t\t\t\t\t\t\t\t\t\t\t<\/div>\n\t\t\t\t\t\t\t\t\t\n\t\t\t\t\t\t\t<\/div>\n\n\t\t\t\t\t<\/div>\n\t\t[\/vc_column][vc_column woodmart_css_id=&#8221;6786697684b53&#8243; parallax_scroll=&#8221;no&#8221; woodmart_sticky_column=&#8221;false&#8221; wd_collapsible_content_switcher=&#8221;no&#8221; wd_column_role_offcanvas_desktop=&#8221;no&#8221; wd_column_role_offcanvas_tablet=&#8221;no&#8221; wd_column_role_offcanvas_mobile=&#8221;no&#8221; wd_column_role_content_desktop=&#8221;no&#8221; wd_column_role_content_tablet=&#8221;no&#8221; wd_column_role_content_mobile=&#8221;no&#8221; mobile_bg_img_hidden=&#8221;no&#8221; tablet_bg_img_hidden=&#8221;no&#8221; woodmart_parallax=&#8221;0&#8243; woodmart_box_shadow=&#8221;no&#8221; responsive_spacing=&#8221;eyJwYXJhbV90eXBlIjoid29vZG1hcnRfcmVzcG9uc2l2ZV9zcGFjaW5nIiwic2VsZWN0b3JfaWQiOiI2Nzg2Njk3Njg0YjUzIiwic2hvcnRjb2RlIjoidmNfY29sdW1uIiwiZGF0YSI6eyJ0YWJsZXQiOnt9LCJtb2JpbGUiOnt9fX0=&#8221; mobile_reset_margin=&#8221;no&#8221; tablet_reset_margin=&#8221;no&#8221; wd_z_index=&#8221;no&#8221; offset=&#8221;vc_col-lg-4 vc_col-md-6&#8243;]\n\t\t<div id=\"wd-678667f50c211\" class=\"title-wrapper wd-wpb wd-set-mb reset-last-child  wd-rs-678667f50c211 wd-title-color-default wd-title-style-default text-left vc_custom_1736861696849 wd-underline-colored\">\n\t\t\t\n\t\t\t<div class=\"liner-continer\">\n\t\t\t\t<h4 class=\"woodmart-title-container title  wd-font-weight- wd-fontsize-xxl\" >Hakk\u0131m\u0131zda<\/h4>\n\t\t\t\t\t\t\t<\/div>\n\t\t\t\n\t\t\t\n\t\t\t\n\t\t<\/div>\n\t\t\n\t\t\t\t<div id=\"wd-678667e8b1aab\" class=\"wd-text-block wd-wpb reset-last-child wd-rs-678667e8b1aab text-left vc_custom_1736861682425\">\n\t\t\t<p>Suvano Home olarak, ya\u015fam alanlar\u0131n\u0131za kalite, modernlik ve fonksiyonellik katmay\u0131 misyon edinen bir mobilya firmas\u0131y\u0131z. Kuruldu\u011fumuz g\u00fcnden itibaren, m\u00fc\u015fteri memnuniyetini her \u015feyin \u00f6n\u00fcnde tutarak, yenilik\u00e7i ve \u00e7a\u011fda\u015f tasar\u0131mlarla sizlere benzersiz \u00e7\u00f6z\u00fcmler sunmay\u0131 hedefliyoruz.<\/p>\n<p>Mobilyalar\u0131m\u0131z, hem estetik hem de dayan\u0131kl\u0131l\u0131\u011f\u0131 bir arada sunan modern dokulu malzemelerle \u00fcretilmektedir. Kolay kurulum \u00f6zellikleri sayesinde, evinizde ya da i\u015f yerinizde keyifle kullanabilece\u011finiz \u00fcr\u00fcnler tasarl\u0131yoruz. Ayr\u0131ca, \u00f6zel \u00f6l\u00e7\u00fclendirilmi\u015f \u00fcr\u00fcn se\u00e7eneklerimizle, ya\u015fam alanlar\u0131n\u0131za tamamen uyum sa\u011flayan \u00f6zg\u00fcn \u00e7\u00f6z\u00fcmler sunmaktay\u0131z.<\/p>\n<p>Kaliteli \u00fcretim anlay\u0131\u015f\u0131m\u0131z ve yenilik\u00e7i tasar\u0131m vizyonumuzla, ya\u015fam alanlar\u0131n\u0131z\u0131 sadece daha i\u015flevsel de\u011fil, ayn\u0131 zamanda daha \u015f\u0131k hale getirmek i\u00e7in \u00e7al\u0131\u015f\u0131yoruz. Suvano Home olarak, siz de\u011ferli m\u00fc\u015fterilerimize her zaman en iyisini sunma gayretindeyiz.<\/p>\n<p>Ya\u015fam alanlar\u0131n\u0131z\u0131 g\u00fczelle\u015ftirmek ve hayallerinizi ger\u00e7e\u011fe d\u00f6n\u00fc\u015ft\u00fcrmek i\u00e7in buraday\u0131z. Suvano Home, modern ya\u015fam\u0131n dokunu\u015flar\u0131n\u0131 sizinle bulu\u015fturuyor.<\/p>\n\t\t<\/div>\n\t\t[\/vc_column][\/vc_row][vc_row css=&#8221;.vc_custom_1685544220957{margin-bottom: 100px !important;}&#8221; woodmart_css_id=&#8221;64775d148231f&#8221; responsive_spacing=&#8221;eyJwYXJhbV90eXBlIjoid29vZG1hcnRfcmVzcG9uc2l2ZV9zcGFjaW5nIiwic2VsZWN0b3JfaWQiOiI2NDc3NWQxNDgyMzFmIiwic2hvcnRjb2RlIjoidmNfcm93IiwiZGF0YSI6eyJ0YWJsZXQiOnsibWFyZ2luLWJvdHRvbSI6IjgwIn0sIm1vYmlsZSI6eyJtYXJnaW4tYm90dG9tIjoiNjAifX19&#8243; mobile_bg_img_hidden=&#8221;no&#8221; tablet_bg_img_hidden=&#8221;no&#8221; woodmart_parallax=&#8221;0&#8243; woodmart_gradient_switch=&#8221;no&#8221; woodmart_box_shadow=&#8221;no&#8221; wd_z_index=&#8221;no&#8221; woodmart_disable_overflow=&#8221;0&#8243; row_reverse_mobile=&#8221;0&#8243; row_reverse_tablet=&#8221;0&#8243;][vc_column][vc_row_inner css=&#8221;.vc_custom_1736862839691{margin-right: 10% !important;margin-left: 10% !important;padding-top: 100px !important;padding-bottom: 100px !important;background-position: center !important;background-repeat: no-repeat !important;background-size: cover !important;}&#8221; woodmart_css_id=&#8221;67866c70c8c72&#8243; responsive_spacing=&#8221;eyJwYXJhbV90eXBlIjoid29vZG1hcnRfcmVzcG9uc2l2ZV9zcGFjaW5nIiwic2VsZWN0b3JfaWQiOiI2Nzg2NmM3MGM4YzcyIiwic2hvcnRjb2RlIjoidmNfcm93X2lubmVyIiwiZGF0YSI6eyJ0YWJsZXQiOnsibWFyZ2luLXJpZ2h0IjoiMHB4IiwibWFyZ2luLWxlZnQiOiIwcHgifSwibW9iaWxlIjp7fX19&#8243; mobile_bg_img_hidden=&#8221;no&#8221; tablet_bg_img_hidden=&#8221;no&#8221; woodmart_parallax=&#8221;0&#8243; woodmart_gradient_switch=&#8221;no&#8221; woodmart_box_shadow=&#8221;no&#8221; wd_z_index=&#8221;no&#8221; woodmart_disable_overflow=&#8221;0&#8243; row_reverse_mobile=&#8221;0&#8243; row_reverse_tablet=&#8221;0&#8243; el_class=&#8221;wd-custom-rounding&#8221;][vc_column_inner css=&#8221;.vc_custom_1736863191275{padding-top: 0px !important;}&#8221; woodmart_css_id=&#8221;67866dc5be61d&#8221; parallax_scroll=&#8221;no&#8221; woodmart_sticky_column=&#8221;false&#8221; wd_collapsible_content_switcher=&#8221;no&#8221; wd_column_role_offcanvas_desktop=&#8221;no&#8221; wd_column_role_offcanvas_tablet=&#8221;no&#8221; wd_column_role_offcanvas_mobile=&#8221;no&#8221; wd_column_role_content_desktop=&#8221;no&#8221; wd_column_role_content_tablet=&#8221;no&#8221; wd_column_role_content_mobile=&#8221;no&#8221; mobile_bg_img_hidden=&#8221;no&#8221; tablet_bg_img_hidden=&#8221;no&#8221; woodmart_parallax=&#8221;0&#8243; woodmart_box_shadow=&#8221;no&#8221; responsive_spacing=&#8221;eyJwYXJhbV90eXBlIjoid29vZG1hcnRfcmVzcG9uc2l2ZV9zcGFjaW5nIiwic2VsZWN0b3JfaWQiOiI2Nzg2NmRjNWJlNjFkIiwic2hvcnRjb2RlIjoidmNfY29sdW1uX2lubmVyIiwiZGF0YSI6eyJ0YWJsZXQiOnt9LCJtb2JpbGUiOnt9fX0=&#8221; wd_z_index=&#8221;no&#8221; offset=&#8221;vc_col-lg-12&#8243;]\t\t<div id=\"wd-67866bba36f3b\" class=\"wd-text-block wd-wpb reset-last-child wd-rs-67866bba36f3b text-left vc_custom_1736862702371\">\n\t\t\t<ul>\n<li><strong>Form ve \u0130\u015flev Dengesi<\/strong><br \/>\nMimari tasar\u0131mda estetik ve i\u015flevsellik ayr\u0131lmaz bir b\u00fct\u00fcnd\u00fcr. Yap\u0131lar\u0131n g\u00f6ze hitap etmesinin yan\u0131 s\u0131ra, kullan\u0131c\u0131n\u0131n ihtiya\u00e7lar\u0131n\u0131 kar\u015f\u0131layan, i\u015flevsel bir tasar\u0131m sunmas\u0131 temel prensiplerimizdendir.<\/li>\n<li><strong>S\u00fcrd\u00fcr\u00fclebilirlik<\/strong><br \/>\nDo\u011faya uyumlu, enerji verimlili\u011fi sa\u011flayan ve \u00e7evresel etkileri minimize eden s\u00fcrd\u00fcr\u00fclebilir tasar\u0131m \u00e7\u00f6z\u00fcmleri \u00f6nceliklerimiz aras\u0131nda yer al\u0131r. Malzeme se\u00e7iminden yap\u0131 s\u00fcre\u00e7lerine kadar, \u00e7evre bilinciyle hareket ederiz.<\/li>\n<li><strong>Minimalizm ve Modernizm<\/strong><br \/>\nAz ile \u00e7ok anlatma fikrinden ilham alarak minimalist yakla\u015f\u0131mlar\u0131 modern mimari dokularla birle\u015ftiriyoruz. Basit ama etkileyici \u00e7izgilerle, zamans\u0131z tasar\u0131mlar yaratmay\u0131 hedefliyoruz.<\/li>\n<li><strong>Kullan\u0131c\u0131 Deneyimi<\/strong><br \/>\nMekanlar\u0131n tasar\u0131m\u0131nda kullan\u0131c\u0131lar\u0131n konforu, al\u0131\u015fkanl\u0131klar\u0131 ve g\u00fcnl\u00fck ihtiya\u00e7lar\u0131n\u0131 \u00f6nceliklendiriyoruz. \u0130yi bir tasar\u0131m, kullan\u0131c\u0131yla b\u00fct\u00fcnle\u015fen, ya\u015fam kalitesini art\u0131ran bir deneyim sunmal\u0131d\u0131r.<\/li>\n<li><strong>Yerel Doku ve K\u00fclt\u00fcrel Etkiler<\/strong><br \/>\nTasar\u0131m s\u00fcre\u00e7lerinde mek\u00e2n\u0131n bulundu\u011fu \u00e7evreye ve k\u00fclt\u00fcre sayg\u0131l\u0131 \u00e7\u00f6z\u00fcmler \u00fcretmek \u00f6nemlidir. Yerel malzemeleri ve b\u00f6lgenin mimari miras\u0131n\u0131 modern yakla\u015f\u0131mlarla harmanlayarak, kimlikli yap\u0131lar ortaya koyar\u0131z.<\/li>\n<li><strong>Esneklik ve Mod\u00fclerlik<\/strong><br \/>\nDe\u011fi\u015fen ihtiya\u00e7lara cevap verebilen, esnek ve mod\u00fcler tasar\u0131mlar g\u00fcn\u00fcm\u00fcz mimarisinde vazge\u00e7ilmezdir. Mek\u00e2nlar\u0131, kullan\u0131c\u0131lar\u0131n farkl\u0131 d\u00f6nemlerdeki ihtiya\u00e7lar\u0131na g\u00f6re yeniden d\u00fczenlenebilir \u015fekilde tasarl\u0131yoruz.<\/li>\n<\/ul>\n\t\t<\/div>\n\t\t[\/vc_column_inner][\/vc_row_inner][vc_row_inner css=&#8221;.vc_custom_1686138406043{margin-right: 10% !important;margin-left: 10% !important;padding-top: 100px !important;padding-bottom: 100px !important;background-image: url(https:\/\/suvanohome.com\/wp-content\/uploads\/2023\/06\/wd-furniture-about-us-video-opt.jpg?id=209) !important;background-position: center !important;background-repeat: no-repeat !important;background-size: cover !important;}&#8221; woodmart_css_id=&#8221;64806e174f016&#8243; responsive_spacing=&#8221;eyJwYXJhbV90eXBlIjoid29vZG1hcnRfcmVzcG9uc2l2ZV9zcGFjaW5nIiwic2VsZWN0b3JfaWQiOiI2NDgwNmUxNzRmMDE2Iiwic2hvcnRjb2RlIjoidmNfcm93X2lubmVyIiwiZGF0YSI6eyJ0YWJsZXQiOnsibWFyZ2luLXJpZ2h0IjoiMHB4IiwibWFyZ2luLWxlZnQiOiIwcHgifSwibW9iaWxlIjp7fX19&#8243; mobile_bg_img_hidden=&#8221;no&#8221; tablet_bg_img_hidden=&#8221;no&#8221; woodmart_parallax=&#8221;0&#8243; woodmart_gradient_switch=&#8221;no&#8221; woodmart_box_shadow=&#8221;no&#8221; wd_z_index=&#8221;no&#8221; woodmart_disable_overflow=&#8221;0&#8243; row_reverse_mobile=&#8221;0&#8243; row_reverse_tablet=&#8221;0&#8243; el_class=&#8221;wd-custom-rounding&#8221;][vc_column_inner css=&#8221;.vc_custom_1684937686871{padding-top: 0px !important;}&#8221; woodmart_css_id=&#8221;646e1bcf67902&#8243; parallax_scroll=&#8221;no&#8221; woodmart_sticky_column=&#8221;false&#8221; wd_collapsible_content_switcher=&#8221;no&#8221; wd_column_role_offcanvas_desktop=&#8221;no&#8221; wd_column_role_offcanvas_tablet=&#8221;no&#8221; wd_column_role_offcanvas_mobile=&#8221;no&#8221; wd_column_role_content_desktop=&#8221;no&#8221; wd_column_role_content_tablet=&#8221;no&#8221; wd_column_role_content_mobile=&#8221;no&#8221; mobile_bg_img_hidden=&#8221;no&#8221; tablet_bg_img_hidden=&#8221;no&#8221; woodmart_parallax=&#8221;0&#8243; woodmart_box_shadow=&#8221;no&#8221; responsive_spacing=&#8221;eyJwYXJhbV90eXBlIjoid29vZG1hcnRfcmVzcG9uc2l2ZV9zcGFjaW5nIiwic2VsZWN0b3JfaWQiOiI2NDZlMWJjZjY3OTAyIiwic2hvcnRjb2RlIjoidmNfY29sdW1uX2lubmVyIiwiZGF0YSI6eyJ0YWJsZXQiOnt9LCJtb2JpbGUiOnt9fX0=&#8221; wd_z_index=&#8221;no&#8221;]\n\t\t<div id=\"wd-67866a02370b0\" class=\"title-wrapper wd-wpb wd-set-mb reset-last-child  wd-rs-67866a02370b0 wd-title-color-white wd-title-style-default text-center  wd-underline-colored\">\n\t\t\t\t\t\t\t\n\t\t\t\t<div class=\"title-subtitle  subtitle-color-white font-default subtitle-style-default wd-font-weight- wd-fontsize-xs\">Koleksiyon<\/div>\n\t\t\t\n\t\t\t<div class=\"liner-continer\">\n\t\t\t\t<h4 class=\"woodmart-title-container title  wd-font-weight- wd-fontsize-xxl\" >Evimizi nas\u0131l dizayn etmeliyiz?<\/h4>\n\t\t\t\t\t\t\t<\/div>\n\t\t\t\n\t\t\t\n\t\t\t\n\t\t<\/div>\n\t\t\n\t\t\t\t<div class=\"wd-el-video wd-wpb wd-rs-6475ee3c3eabd wd-action-play wd-video-youtube vc_custom_1685450308647 text-center\">\n\t\t\t\n\t\t\t\n\t\t\t\t\t\t\t<a href=\"http:\/\/www.youtube.com\/watch?v=XHOmBV4js_E\" class=\"wd-el-video-btn\">\n\t\t\t\t\t<span class=\"wd-el-video-play-btn\"><\/span>\n\t\t\t\t\t\t\t\t\t<\/a>\n\t\t\t\n\t\t\t\t\t<\/div>\n\t\t[\/vc_column_inner][\/vc_row_inner][vc_row_inner css=&#8221;.vc_custom_1736862846331{margin-right: 10% !important;margin-left: 10% !important;padding-top: 100px !important;padding-bottom: 100px !important;background-position: center !important;background-repeat: no-repeat !important;background-size: cover !important;}&#8221; woodmart_css_id=&#8221;67866c7a41747&#8243; responsive_spacing=&#8221;eyJwYXJhbV90eXBlIjoid29vZG1hcnRfcmVzcG9uc2l2ZV9zcGFjaW5nIiwic2VsZWN0b3JfaWQiOiI2Nzg2NmM3YTQxNzQ3Iiwic2hvcnRjb2RlIjoidmNfcm93X2lubmVyIiwiZGF0YSI6eyJ0YWJsZXQiOnsibWFyZ2luLXJpZ2h0IjoiMHB4IiwibWFyZ2luLWxlZnQiOiIwcHgifSwibW9iaWxlIjp7fX19&#8243; mobile_bg_img_hidden=&#8221;no&#8221; tablet_bg_img_hidden=&#8221;no&#8221; woodmart_parallax=&#8221;0&#8243; woodmart_gradient_switch=&#8221;no&#8221; woodmart_box_shadow=&#8221;no&#8221; wd_z_index=&#8221;no&#8221; woodmart_disable_overflow=&#8221;0&#8243; row_reverse_mobile=&#8221;0&#8243; row_reverse_tablet=&#8221;0&#8243; el_class=&#8221;wd-custom-rounding&#8221;][vc_column_inner css=&#8221;.vc_custom_1684937686871{padding-top: 0px !important;}&#8221; woodmart_css_id=&#8221;646e1bcf67902&#8243; parallax_scroll=&#8221;no&#8221; woodmart_sticky_column=&#8221;false&#8221; wd_collapsible_content_switcher=&#8221;no&#8221; wd_column_role_offcanvas_desktop=&#8221;no&#8221; wd_column_role_offcanvas_tablet=&#8221;no&#8221; wd_column_role_offcanvas_mobile=&#8221;no&#8221; wd_column_role_content_desktop=&#8221;no&#8221; wd_column_role_content_tablet=&#8221;no&#8221; wd_column_role_content_mobile=&#8221;no&#8221; mobile_bg_img_hidden=&#8221;no&#8221; tablet_bg_img_hidden=&#8221;no&#8221; woodmart_parallax=&#8221;0&#8243; woodmart_box_shadow=&#8221;no&#8221; responsive_spacing=&#8221;eyJwYXJhbV90eXBlIjoid29vZG1hcnRfcmVzcG9uc2l2ZV9zcGFjaW5nIiwic2VsZWN0b3JfaWQiOiI2NDZlMWJjZjY3OTAyIiwic2hvcnRjb2RlIjoidmNfY29sdW1uX2lubmVyIiwiZGF0YSI6eyJ0YWJsZXQiOnt9LCJtb2JpbGUiOnt9fX0=&#8221; wd_z_index=&#8221;no&#8221;]\t\t<div id=\"wd-67866bfb96a6f\" class=\"wd-text-block wd-wpb reset-last-child wd-rs-67866bfb96a6f text-left vc_custom_1736862730714\">\n\t\t\t<ul>\n<li><strong>Do\u011fal I\u015f\u0131k ve Mek\u00e2n\u0131n Dinami\u011fi<\/strong><br \/>\nDo\u011fal \u0131\u015f\u0131\u011f\u0131n kullan\u0131m\u0131, bir yap\u0131n\u0131n ruhunu ve enerjisini belirleyen temel unsurlardan biridir. Mek\u00e2n tasar\u0131m\u0131nda \u0131\u015f\u0131\u011f\u0131n y\u00f6n\u00fcn\u00fc, mek\u00e2na kataca\u011f\u0131 derinli\u011fi ve s\u0131cakl\u0131\u011f\u0131 en iyi \u015fekilde de\u011ferlendirmeyi ama\u00e7lar\u0131z.<\/li>\n<li><strong>Teknoloji ve Dijitalle\u015fme<\/strong><br \/>\nMimari tasar\u0131m s\u00fcre\u00e7lerinde, teknolojinin olanaklar\u0131ndan maksimum d\u00fczeyde yararlan\u0131yoruz. Parametrik tasar\u0131m, BIM (Building Information Modeling) ve VR\/AR gibi teknolojileri projelerimizde etkin bir \u015fekilde kullanarak yenilik\u00e7i \u00e7\u00f6z\u00fcmler sunuyoruz.<\/li>\n<li><strong>\u0130nsan ve \u00c7evre Odakl\u0131 Yakla\u015f\u0131m<\/strong><br \/>\nTasar\u0131mlar\u0131m\u0131z, insan\u0131 merkezine alan ve \u00e7evreyle uyum i\u00e7inde olan bir anlay\u0131\u015fla \u015fekillenir. Mek\u00e2nlar\u0131n hem fiziksel hem de duygusal bir konfor alan\u0131 yaratmas\u0131 gerekti\u011fine inan\u0131yoruz.<\/li>\n<li><strong>Tasar\u0131mda Hik\u00e2ye Anlat\u0131m\u0131<\/strong><br \/>\nHer mek\u00e2n, bir hik\u00e2ye anlatmal\u0131d\u0131r. Tasar\u0131mlar\u0131m\u0131zda, kullan\u0131c\u0131lar\u0131n duygusal ba\u011f kurabilece\u011fi ve kendi hik\u00e2yelerini ya\u015fayabilece\u011fi atmosferler yarat\u0131yoruz.<\/li>\n<\/ul>\n\t\t<\/div>\n\t\t[\/vc_column_inner][\/vc_row_inner][\/vc_column][\/vc_row]<\/p>\n<\/div>","protected":false},"excerpt":{"rendered":"<p>[vc_row content_placement=&#8221;middle&#8221; woodmart_css_id=&#8221;64775cf93784f&#8221; responsive_spacing=&#8221;eyJwYXJhbV90eXBlIjoid29vZG1hcnRfcmVzcG9uc2l2ZV9zcGFjaW5nIiwic2VsZWN0b3JfaWQiOiI2NDc3NWNmOTM3ODRmIiwic2hvcnRjb2RlIjoidmNfcm93IiwiZGF0YSI6eyJ0YWJsZXQiOnsibWFyZ2luLWJvdHRvbSI6IjYwIn0sIm1vYmlsZSI6eyJtYXJnaW4tYm90dG9tIjoiNDAifX19&#8243; mobile_bg_img_hidden=&#8221;no&#8221; tablet_bg_img_hidden=&#8221;no&#8221; woodmart_parallax=&#8221;0&#8243; woodmart_gradient_switch=&#8221;no&#8221; woodmart_box_shadow=&#8221;no&#8221; wd_z_index=&#8221;no&#8221; woodmart_disable_overflow=&#8221;0&#8243; row_reverse_mobile=&#8221;1&#8243; row_reverse_tablet=&#8221;1&#8243; css=&#8221;.vc_custom_1685544197253{margin-bottom: 80px !important;}&#8221;][vc_column woodmart_css_id=&#8221;6786699dab57b&#8221; parallax_scroll=&#8221;no&#8221; woodmart_sticky_column=&#8221;false&#8221; wd_collapsible_content_switcher=&#8221;no&#8221;<\/p>\n","protected":false},"author":1,"featured_media":0,"parent":0,"menu_order":0,"comment_status":"closed","ping_status":"closed","template":"","meta":{"footnotes":""},"class_list":["post-18","page","type-page","status-publish","hentry"],"_links":{"self":[{"href":"https:\/\/suvanohome.com\/index.php\/wp-json\/wp\/v2\/pages\/18","targetHints":{"allow":["GET"]}}],"collection":[{"href":"https:\/\/suvanohome.com\/index.php\/wp-json\/wp\/v2\/pages"}],"about":[{"href":"https:\/\/suvanohome.com\/index.php\/wp-json\/wp\/v2\/types\/page"}],"author":[{"embeddable":true,"href":"https:\/\/suvanohome.com\/index.php\/wp-json\/wp\/v2\/users\/1"}],"replies":[{"embeddable":true,"href":"https:\/\/suvanohome.com\/index.php\/wp-json\/wp\/v2\/comments?post=18"}],"version-history":[{"count":15,"href":"https:\/\/suvanohome.com\/index.php\/wp-json\/wp\/v2\/pages\/18\/revisions"}],"predecessor-version":[{"id":492,"href":"https:\/\/suvanohome.com\/index.php\/wp-json\/wp\/v2\/pages\/18\/revisions\/492"}],"wp:attachment":[{"href":"https:\/\/suvanohome.com\/index.php\/wp-json\/wp\/v2\/media?parent=18"}],"curies":[{"name":"wp","href":"https:\/\/api.w.org\/{rel}","templated":true}]}}